- 14*k**2 - 6*k + 3. Give w(14).
-81
Let u(n) = -38*n - 204. Determine u(-6).
24
Let a(y) = -2042*y + 16327. What is a(8)?
-9
Let u(b) = -59*b - 620. What is u(-8)?
-148
Let o(a) = -a**2 - 31*a + 267. Give o(-40).
-93
Let w(u) = -192*u**2 - u - 3. What is w(0)?
-3
Let x(h) = -2*h**3 - 47*h**2 + 22*h + 13. Determine x(-24).
61
Let a(i) = i**3 - 23*i**2 - 5*i - 74. What is a(22)?
-668
Let t(m) = -6*m**2 - 474*m - 502. What is t(-78)?
-34
Let t(f) = -f**3 - 52*f**2 + 55*f + 187. Determine t(-53).
81
Let k(n) = 51*n - 184. Calculate k(4).
20
Let y(o) = o**3 - 6*o**2 - 72*o + 28. Calculate y(12).
28
Let n(l) = l**3 + 275*l**2 - 840*l - 1662. Determine n(-278).
6
Let v(i) = 2*i**2 + 179*i - 104. What is v(-92)?
356
Let h(u) = -u**3 - 31*u**2 - 62*u + 31. Determine h(-29).
147
Let g(r) = -r**3 - 47*r**2 + 260*r - 109. Calculate g(-52).
-109
Let a(q) = -15*q**3 + 3*q**2 - 5*q + 7. Give a(2).
-111
Let x(t) = -6*t + 20. Give x(14).
-64
Let r(x) = 460*x + 1899. Give r(-4).
59
Let i(l) = 637*l - 15276. Give i(24).
12
Let y(k) = -311*k**2 - 629*k - 8. What is y(-2)?
6
Let p(o) = -4*o**3 - 7*o**2 - 63*o - 109. What is p(-2)?
21
Let n(j) = -168*j + 868. Give n(8).
-476
Let k(z) = -z**3 + 57*z**2 + 304*z - 18. Determine k(-5).
12
Let w(o) = 99*o - 985. Calculate w(10).
5
Let i(t) = -8*t**3 - 8*t**2 + 22*t + 24. What is i(-1)?
2
Let g(x) = 2*x**2 - 142*x + 903. Calculate g(7).
7
Let l(c) = -1253*c + 5013. Calculate l(4).
1
Let n(l) = -2051*l + 55384. What is n(27)?
7
Let d(k) = -6*k**2 + 2*k + 32. Give d(-4).
-72
Let c(s) = s**3 - 40*s**2 - 39*s + 42. Give c(41).
124
Let w(m) = -2*m**2 + 1833*m + 54830. Give w(-29).
-9
Let c(y) = 3*y**3 + 264*y**2 + 260*y - 87. Give c(-87).
0
Let r(y) = -335*y - 100825. Calculate r(-301).
10
Let x(m) = -5549*m - 5553. Calculate x(-1).
-4
Let l(w) = -1207*w - 12060. What is l(-10)?
10
Let a(o) = 2*o**3 + 8*o**2 + 2*o - 18. What is a(-5)?
-78
Let k(c) = c**2 + 4*c - 261. Calculate k(-18).
-9
Let a(x) = 7*x**2 - 26*x + 27. Determine a(1).
8
Let j(c) = -2*c**2 + 159*c + 3256. What is j(97)?
-139
Let r(v) = 8*v**3 - 4*v - 6. Calculate r(3).
198
Let c(w) = -w**3 - 8*w**2 - 5*w + 3. What is c(-7)?
-11
Let i(z) = 14*z + 465. Determine i(-27).
87
Let v(x) = -x**2 - 3*x - 47. Give v(0).
-47
Let w(n) = 5*n**3 - 686*n**2 + 150*n - 1782. What is w(137)?
-1
Let y(v) = -v**2 + 133*v + 1267. What is y(142)?
-11
Let m(j) = -24*j - 342. Determine m(-16).
42
Let s(v) = -5*v - 392. What is s(-85)?
33
Let k(d) = d**3 - 49*d + 31. Determine k(7).
31
Let z(j) = -j**2 - 11*j. What is z(-9)?
18
Let k(o) = o**3 + 19*o**2 - 6*o - 44. Determine k(-19).
70
Let r(d) = -74*d**2 + 3035*d + 22. Determine r(41).
63
Let y(u) = u**3 + 14*u**2 - 20*u + 12. Determine y(-16).
-180
Let t(p) = 7179*p - 35840. What is t(5)?
55
Let n(u) = -u**3 + 31*u**2 - 107*u - 10. Determine n(27).
17
Let m(s) = -568*s - 5044. What is m(-9)?
68
Let j(q) = -18*q**2 - 201*q + 23. What is j(-12)?
-157
Let c(u) = 24*u**3 - 70*u**2 - 19*u + 78. Give c(3).
39
Let d(w) = 3*w**3 + 32*w**2 - 40*w - 91. Determine d(-12).
-187
Let k(v) = -54*v + 550. What is k(13)?
-152
Let g(n) = -2*n**3 - 10*n**2 - 23*n - 24. Give g(-7).
333
Let t(q) = -2*q**2 - 132*q + 693. Give t(-71).
-17
Let a(y) = -y**2 + 1051*y - 5216. Give a(5).
14
Let r(a) = -17*a + 383. What is r(23)?
-8
Let x(i) = -2*i**3 + 2*i**2 + 5*i + 21. Give x(3).
0
Let l(q) = -q**2 + 2*q + 121. Give l(-15).
-134
Let k(v) = -38*v**2 + 22*v + 38. Calculate k(-2).
-158
Let y(h) = 3*h**2 - 390*h + 5. What is y(130)?
5
Let w(h) = 850*h + 11052. Determine w(-13).
2
Let r(h) = -h**3 - 95*h**2 + 195*h + 90. Calculate r(-97).
-7
Let q(t) = -3*t - 256. Give q(-11).
-223
Let h(p) = 2*p**3 + p**2 - 33*p - 35. Give h(-1).
-3
Let c(p) = -10*p**2 - 14*p + 17. Calculate c(-5).
-163
Let q(l) = 2*l**2 - 28*l - 642. What is q(-12)?
-18
Let x(y) = y**2 - y - 78. Calculate x(-6).
-36
Let f(i) = -i**3 - 8*i**2 - i - 81. Give f(-9).
9
Let i(h) = h**2 - 45*h + 317. Determine i(9).
-7
Let h(q) = -12*q**2 + 91*q + 4. Calculate h(8).
-36
Let y(b) = -783*b - 3136. Calculate y(-4).
-4
Let c(u) = -3*u**2 + 33*u - 19. Give c(15).
-199
Let k(q) = -8*q**2 + 3*q + 42. Give k(-5).
-173
Let v(p) = 3967*p - 91255. What is v(23)?
-14
Let g(r) = -r**3 - 55*r**2 - 374*r + 98. Calculate g(-47).
4
Let p(u) = -71*u**2 - 492*u - 9. Give p(-7).
-44
Let c(w) = 2*w**2 + 21*w - 147. Calculate c(-17).
74
Let i(q) = -767*q + 13875. What is i(18)?
69
Let h(d) = 33*d + 2958. Give h(-89).
21
Let g(i) = i**3 + 34*i**2 + 97*i - 98. Give g(-31).
-222
Let x(c) = -c**3 + 6*c**2 - 120*c + 1087. Give x(8).
-1
Let b(a) = 26*a - 200. Calculate b(9).
34
Let k(a) = -381*a - 13019. Calculate k(-34).
-65
Let i(o) = o**3 + 182*o**2 + 358*o - 10. What is i(-2)?
-6
Let j(i) = -2*i**3 - 28*i**2 - i + 3. Give j(-14).
17
Let b(u) = u**2 - 42*u + 405. Give b(9).
108
Let s(o) = -o**2 + 113*o - 2896. Give s(39).
-10
Let j(t) = 22*t - 209. Determine j(5).
-99
Let i(p) = -112*p - 73. Calculate i(-1).
39
Let q(k) = -2*k**3 - 2*k**2 + 5*k - 1. Give q(0).
-1
Let t(c) = c**3 + c**2 - 49*c - 48. Give t(-1).
1
Let s(b) = 3*b**3 + b**2 + 7*b + 10. Give s(3).
121
Let q(i) = -512*i + 2060. What is q(4)?
12
Let q(s) = 10*s**2 - 141*s + 10. What is q(14)?
-4
Let q(g) = -41*g**3 + 326*g**2 + 16*g - 16. Calculate q(8).
-16
Let l(z) = 14*z - 553. Calculate l(40).
7
Let n(t) = 18*t - 145. Calculate n(12).
71
Let l(b) = 3*b**3 - 19*b**2 - 172*b - 11. Determine l(-5).
-1
Let r(d) = 3*d**2 - 283*d - 1081. Calculate r(98).
-3
Let g(o) = 5*o**2 - 4*o - 37. What is g(3)?
-4
Let v(u) = 8*u**2 - 19*u - 33. Calculate v(-6).
369
Let h(f) = -f**2 + f + 273. Determine h(0).
273
Let i(s) = -s**3 + 4*s**2 + 12*s - 72. What is i(3)?
-27
Let d(n) = -177*n - 1218. Determine d(-7).
21
Let a(f) = 7*f + 132. Give a(-23).
-29
Let i(x) = 2*x**2 - 36*x - 39. Calculate i(19).
-1
Let m(u) = u**2 + 3*u - 95. What is m(6)?
-41
Let d(p) = 800*p - 12800. What is d(16)?
0
Let q(z) = z**2 - 5080*z + 15243. Calculate q(3).
12
Let x(k) = 2*k**3 + 15*k**2 + 15*k - 7. Determine x(-7).
-63
Let d(r) = -r**3 - 3*r**2 + 341*r + 1369. Give d(-4).
21
Let q(d) = -d**2 + 3*d + 490. Determine q(-21).
-14
Let a(b) = 4*b**3 + 2*b**2 + 202*b - 7. Give a(0).
-7
Let s(c) = 91*c - 5466. Give s(60).
-6
Let x(o) = -708*o + 60168. Calculate x(85).
-12
Let g(m) = 40*m - 1323. Calculate g(32).
-43
Let l(w) = -w**2 - 81*w - 1104. What is l(-64)?
-16
Let r(k) = 113*k - 4034. Calculate r(34).
-192
Let m(g) = -g**2 + 17*g + 419. Give m(-14).
-15
Let o(y) = -1602*y - 3310. Calculate o(-2).
-106
Let z(g) = -27*g - 423. What is z(-18)?
63
Let c(j) = -2*j**3 + 231*j**2 - 1000*j + 103. Calculate c(111).
-8
Let h(p) = -8*p**2 + 6*p + 10. What is h(4)?
-94
Let c(q) = -10*q**2 + 8*q + 23. Give c(4).
-105
Let k(s) = -s**3 + 9*s**2 - 41*s + 234. Give k(7).
45
Let z(r) = 1103*r + 11030. Calculate z(-10).
0
Let u(h) = -3*h**2 + 43*h + 1. Calculate u(0).
1
Let m(c) = c**2 + 547*c - 201346. Calculate m(252).
2
Let y(n) = -187*n - 1134. Give y(-6).
-12
Let h(c) = -c**2 + 56*c - 711. Calculate h(18).
-27
Let g(t) = t**2 + 45*t + 449. What is g(-28)?
-27
Let u(k) = -k**3 - 33*k**2 - 39*k - 222. What is u(-32)?
2
Let d(a) = -2*a**2 + 34*a + 17. What is d(23)?
-259
Let x(d) = 7*d**2 - 81*d - 5. Calculate x(12).
31
Let v(u) = -u**2 + 35*u - 235. Determine v(14).
59
Let f(p) = 6*p**2 - 11*p + 6. Give f(3).
27
Let p(s) = s**3 + 2*s**2 - 140*s + 18. What is p(11)?
51
Let m(y) = -5*y**3 + 7*y**2 + 7*y - 17. Calculate m(4).
-197
Let o(p) = 3*p**2 + 28*p + 111. What is o(-5)?
46
Let r(d) = -19*d**3 + 40*d**2 + 31*d - 10. Calculate r(-1).
18
Let h(q) = -133*q - 1190. Give h(-9).
7
Let z(l) = -l**2 - 30*l + 300. Determine z(8).
-4
Let t(q) = 2*q**3 - 14*q**2 - 3*q + 12. Calculate t(7).
-9
Let z(u) = 37*u - 63. Give z(8).
233
Let w(f) = -2*f**2 + 14*f - 170. Calculate w(12).
-290
Let m(x) = 8*x**2 - 530*x - 87. Determine m(66).
-219
Let u(w) = -149*w**2 + 1784*w - 10. What is u(12)?
-58
Let i(x) = -3*x**2 - 59*x - 281. Give i(-8).
-1
Let g(j) = 2*j**3 + 10*j**2 - 342*j - 5. Determine g(11).
105
Let n(s) = 34*s + 617. What is n(-18)?
5
Let j(y) = 145*y**3 + 437*y**2 - 5*y - 17. Calculate j(-3).
16
Let v(p) = p**3 - 9*p**2 + 56*p - 621. Give v(10).
39
Let b(m) = -12*m + 71. What is b(7)?
-13
Let m(k) = -2*k + 71. C